c) = c**3 + 24*c**2 - 9*c + 242. Let o be d(-26). Let z = -801 - o. Let w be -5*6/(-3 + 2). Calculate the highest common factor of w and z.
15
Let r(u) = -u**3 + 12*u**2 - 25*u + 54. Let s be r(10). Let x(m) = 16*m + 76. Let o be x(12). What is the highest common divisor of s and o?
4
Let y = -10040 - -10042. Calculate the greatest common divisor of y and 1318.
2
Let x = -28 + 174. Suppose -2*n + 634 = 5*q, -2*q - n + 107 = -x. Suppose -432 - q = -10*m. Calculate the greatest common factor of 8 and m.
8
Let x = 25 - 33. Let a be -3 + -5*(x + 4 - -3). Suppose 3*n + 280 = 4*m + 8*n, 5*m - a*n = 383. What is the highest common divisor of m and 30?
15
Suppose -2*j - 3*w = -5892 + 2862, 0 = -4*j + w + 6004. What is the greatest common divisor of 360 and j?
9
Let j = 23 - 20. Suppose -j*t + 7*t - 4*z = 192, 5*z = -4*t + 228. What is the greatest common divisor of t and 286?
26
Let h be (1062/36)/((-3)/(-12)). Suppose 0*z + 2*z = g + 20, 3*z = -4*g + 52. Suppose -h*f - z = -121*f. Calculate the greatest common factor of f and 10.
2
Let w = 8818 - 8782. What is the highest common factor of 1242 and w?
18
Suppose 168*f - 3*z - 38127 = 165*f, 0 = f - 4*z - 12715. Calculate the greatest common divisor of f and 262.
131
Let r(c) = -c**2 - 84*c + 178. Let b be r(-85). Calculate the highest common factor of 102 and b.
3
Suppose g = -4*g. Let m(s) = -4*s + 28 + 15*s - 9*s - 4*s. Let o be m(g). Calculate the greatest common factor of o and 70.
14
Let z(l) = -l**3 - 6*l**2 + 9*l + 8. Let u be z(-4). Let h be (13 + -1)*u/(-72). Calculate the highest common factor of h and 10.
10
Suppose 0 = 62*c - 63*c + 3. Suppose -c*b - 14 = 3*i - 86, 20 = 5*b. Let w = 112 - 62. Calculate the greatest common factor of i and w.
10
Suppose -36 = x - 60. Suppose 3*o = -3*f - 0 + x, -o = -3*f. Suppose -6 - 6 = -o*c. What is the greatest common factor of c and 2?
2
Let f(l) = -2*l**3 + 14*l**2 - 24*l + 75. Let a be f(6). Calculate the greatest common divisor of 933 and a.
3
Suppose 4*c + 2*h = 18 - 4, 0 = -5*h - 5. Let q be 79/c - (-2)/8. Suppose -1922*t - 1882*t + 744 = -3742*t. What is the highest common divisor of q and t?
4
Let o be (-15)/(-2*18/20 + 2). Let y = -72 - o. Suppose -y*a = 5*m - 228 - 106, -2*a = -6. Calculate the highest common divisor of m and 26.
13
Let g(o) = -o**2 - 7*o - 8. Let f be g(-6). Let x be (39/(-18)*f)/((-1)/3). Let m be (50/(-55))/5 + x/(-11). What is the greatest common divisor of m and 13?
1
Let f be 1222/(-65) + 19 - (-42539)/5. What is the highest common factor of 12 and f?
12
Let c be (14/8)/(11/176). Let l = -12 + c. Let w = 19695 + -19655. What is the highest common factor of w and l?
8
Suppose 41*g + 768 = 47*g. Let s(p) = 3*p - 15. Let n be s(21). Calculate the greatest common divisor of g and n.
16
Suppose -4*d - 7*d = -29798 - 16402. Calculate the greatest common factor of d and 630.
210
Let b = -424 - -1013. What is the greatest common divisor of b and 57?
19
Let w(o) = o**3 - 36*o**2 + 38*o - 49. Suppose 2*g - 79 = -0*g - 3*a, -5*g + 166 = -3*a. Let p be w(g). What is the highest common divisor of p and 24?
8
Suppose -6*q + 7*q = 165. Suppose 96 = -4*d - 112. Let u = 67 + d. What is the highest common factor of u and q?
15
Let w(t) = -411*t - 2856. Let k be w(-7). Calculate the highest common factor of k and 2814.
21
Let t(p) = -564*p - 15. Let q be t(-1). Suppose q = 5*l + 5*a - 1741, -2269 = -5*l + 2*a. Calculate the highest common divisor of l and 35.
35
Let a(w) = -9*w + 2. Let r be a(-1). Suppose -2*q + 4 + 11 = j, 0 = -3*q + 2*j + 5. Suppose -99 = -q*d + 4*d. What is the greatest common divisor of d and r?
11
Suppose -2*s - 6 = -5*s. Suppose -s*l + l = b + 11, -58 = 3*l - 2*b. Let a = -3 - l. Calculate the highest common divisor of a and 13.
13
Let z = 11 + 0. Suppose -10*m = -z*m - 64. Let j = m - -77. What is the highest common factor of j and 91?
13
Let j be ((-3108)/16)/((-7)/28). Suppose 1288 = 5*o - 4*x, 5*x - 4*x = 3*o - j. What is the highest common factor of 156 and o?
52
Let u(r) = -2*r**2 - 36*r + 91. Let q be u(0). Calculate the greatest common factor of q and 208.
13
Let b(a) = 17*a**2 - 268*a + 1335. Let x be b(5). Calculate the greatest common divisor of x and 168.
84
Let h(d) = -d**3 + 31*d**2 - 80*d - 18. Let c be h(29). Let n = c - -659. What is the highest common factor of 93 and n?
3
Let i = 20 + -38. Let v = -14 - i. Let j(z) = z**3 - 6*z**2 + 13*z - 12. Let q be j(4). Calculate the greatest common divisor of v and q.
4
Suppose -4*x + 5*q = -85, 0 = -5*q - 5. Suppose -11*r + x = -46. Suppose 2*o = -3*o + 270. Calculate the greatest common factor of r and o.
6
Suppose -5*j + j - 5*c + 351 = 0, 6*j - c = 501. What is the greatest common divisor of j and 5166?
42
Let x(a) = -a**2 - 21*a + 26. Let w be x(-22). Let p be ((-528)/(-54) - 1) + w/18. Suppose -6 = -p*r + 6*r. Calculate the highest common factor of r and 2.
2
Suppose -5*b = -240 - 45. Let p = 34 + b. Suppose -f - 67 = -p. What is the highest common factor of f and 16?
8
Suppose -198 = 15*r - 873. Calculate the highest common divisor of 225 and r.
45
Suppose 8*t - 28*t + 1920 = 0. Suppose -3*u - 8*m + 328 = -10*m, -u + 4*m = -t. Calculate the greatest common factor of u and 14.
14
Suppose -2*k = 3*u - 16, -5*k = 5*u - 17 - 13. Suppose 8 = 3*c - 25. Suppose k*g - 3*g + c = 0. What is the greatest common factor of g and 66?
11
Let r = -4355 + 4435. Calculate the highest common factor of 170 and r.
10
Suppose 6*a = 8*a - 6. Let x(p) = -a*p - p + 2 + 11*p + 30*p. Let h be x(1). What is the highest common divisor of 273 and h?
39
Let n = 642 - 636. Suppose -4*t + 146 = 5*d, -n*d + 8 = -10*d. Let u(o) = 25*o**2 + o. Let w be u(1). What is the highest common divisor of t and w?
13
Suppose -686 - 352 = 6*q. Let m = q - -201. What is the highest common factor of 21 and m?
7
Suppose 0*t + 209 = t. Let f be ((-21080)/36)/(-2) - (260/(-90))/13. Let o = f - t. What is the greatest common divisor of 14 and o?
14
Suppose 3*u = -5*f + 70, 5*f = -2*u + 3*u + 70. What is the highest common factor of f and 32?
2
Suppose -3 = -w - 3*h, -4*h - h = -2*w + 17. Suppose 2*o - w*f = -f + 303, -2*o + 313 = 5*f. Calculate the highest common divisor of o and 88.
22
Suppose -8*m + 13*m = 25. Suppose -s = 4*h - 2 - 15, 47 = m*s + h. Calculate the highest common factor of 9 and s.
9
Suppose 0 = -2*a - 0*a + 3*m + 716, 3*a - 4*m = 1072. Suppose -57*y + a = -49*y. Calculate the highest common factor of 165 and y.
11
Let l be (5/((-25)/606))/(164/(-410)). Let s = -189 + l. What is the highest common divisor of s and 6?
6
Let s(y) = -y**3 + 6*y**2 - 7*y + 7. Let d be s(4). Let o = 16 - d. Suppose l - o*l + 28 = 0. Calculate the highest common divisor of 7 and l.
7
Let p be (-168)/(-36)*(-1 - -142). Let b = 794 - p. Calculate the highest common divisor of 8 and b.
8
Let a = -4058 + 4069. Calculate the greatest common factor of a and 59.
1
Let x = 48 - 24. Let q = 179 - 179. Suppose -2*j - 1050 = -4*m, 5*j + 777 = 3*m - q*j. What is the highest common divisor of x and m?
24
Suppose 2*h = -5*v + 7*h + 100, -3*v = -4*h - 63. Suppose v*p - 616 = 6*p. Calculate the highest common divisor of p and 140.
28
Suppose -11*w = 4464 - 11361. Calculate the greatest common divisor of w and 342.
57
Let h = -4733 - -5653. What is the greatest common factor of 40 and h?
40
Let v = 16 - 4. Suppose 0 = 6*x - 9*x + 12. Suppose x = r - v. Calculate the greatest common divisor of r and 40.
8
Suppose 14*o - 90332 = 74378. Calculate the highest common divisor of o and 65.
65
Let b = -280 - -397. Calculate the highest common factor of b and 4680.
117
Suppose -6*z + 2*z = n - 39, -z = -n + 14. Suppose 4*s + 4 = 0, 4*q = 3*q + 2*s. Let u be q/4*(-62 + -90). Calculate the greatest common divisor of u and n.
19
Suppose 38*k + 8763 = 28979. What is the highest common divisor of 399 and k?
133
Let x be (-2)/(-5) + 552/120. Suppose -9*t + 10*t = -3*z + 12, x*t - 49 = -4*z. What is the highest common divisor of t and 63?
9
Suppose -155 = -4*w - 131. Suppose -3*q + 5*t + 27 = w*t, -4*t = 12. Calculate the greatest common divisor of 45 and q.
5
Let u be 539/3 + ((-2)/(-28) - 1067/(-4074)). What is the greatest common factor of u and 252?
36
Let y(c) = c**3 + c. Let j be y(2). Let v be 30/(-300)*-4 + 3/((-30)/(-8296)). Wh